6?
-3511505
Convert 11657461 (base 9) to base 6.
322153131
What is -300022113 (base 5) in base 15?
-182a23
What is 465235 (base 10) in base 4?
1301211103
11000011010110110 (base 2) to base 3
12002012112
99b19 (base 12) to base 11
12a116
Convert -602566 (base 8) to base 13.
-6c183
Convert 10110111000011001111 (base 2) to base 11.
472354
Convert -45988 (base 10) to base 15.
-d95d
-30223043 (base 5) to base 10
-242273
What is 14014443 (base 6) in base 8?
1623633
-10340044 (base 5) to base 11
-61700
76cb2 (base 13) to base 12
a4702
24322604 (base 8) to base 16
51a584
What is -211111010000 (base 3) in base 14?
-b7412
1403776 (base 10) to base 11
879750
-211031132203 (base 4) to base 12
-3324b97
8a965 (base 11) to base 4
200020032
What is 13331 (base 13) in base 11?
24904
Convert -512404 (base 6) to base 4.
-21330310
-875ac (base 14) to base 13
-b61b3
Convert 10000011010001010000100 (base 2) to base 5.
2100121234
What is 201222200221 (base 3) in base 12?
16b82a
Convert -55205567 (base 8) to base 4.
-231100231313
Convert 323524 (base 8) to base 6.
2153420
What is 10223123 (base 4) in base 2?
100101011011011
-12345256 (base 7) to base 14
-2125d6
101010001111000001 (base 2) to base 3
22210022011
-28d6b (base 14) to base 16
-18c33
Convert -100110011111001010000001 (base 2) to base 6.
-1000124425
Convert -71600 (base 11) to base 12.
-50600
Convert 1000111001101110011 (base 2) to base 6.
10130243
Convert 20a908 (base 11) to base 12.
1428a5
102122121110011 (base 3) to base 4
113213311012
Convert -1155869 (base 10) to base 8.
-4321435
What is -10552353 (base 6) in base 9?
-546006
Convert 10101100011100000 (base 2) to base 11.
60372
Convert 34d524 (base 15) to base 14.
49a603
Convert -43e4c1 (base 16) to base 10.
-4449473
Convert 117018 (base 12) to base 3.
112022101202
-387841 (base 10) to base 15
-79db1
373b68 (base 12) to base 15
12b34b
What is -1013013 (base 5) in base 6?
-205001
What is -14352245 (base 8) in base 11?
-193062a
16ea45 (base 16) to base 13
407725
Convert -321774 (base 9) to base 12.
-92a94
What is -5a6909 (base 14) in base 6?
-150132325
What is 1314a (base 15) in base 16?
ee75
Convert 10011111101100010010 (base 2) to base 9.
1206225
Convert 237a1 (base 12) to base 7.
256213
What is -43a01 (base 11) in base 9?
-106423
What is 1035225 (base 6) in base 13?
1a6cc
What is -100101100001000010111 (base 2) in base 6?
-42203211
190c5a (base 13) to base 10
630445
What is 1100110101101100001 (base 2) in base 16?
66b61
What is 22600 (base 11) in base 6?
411130
Convert 3a464 (base 11) to base 4.
32012323
Convert -100010111010011011000001 (base 2) to base 5.
-4320332233
-112443405 (base 6) to base 11
-11a8234
What is 474a679 (base 11) in base 14?
1159ad9
Convert -20400522 (base 7) to base 11.
-a71205
What is 2674773 (base 8) in base 7?
6251531
-bb86a1 (base 14) to base 15
-85a024
2424014421 (base 5) to base 14
a81224
Convert -6868a5 (base 12) to base 15.
-22ee85
10002001 (base 4) to base 14
6037
What is -1679507 (base 14) in base 16?
-a8a043
What is 517a72 (base 12) in base 6?
43223022
What is -4230636 (base 7) in base 3?
-221222222010
Convert 10605006 (base 8) to base 14.
43abd4
What is -15404530 (base 6) in base 16?
-85266
What is -174122 (base 15) in base 4?
-10103101103
-1221112220201 (base 3) to base 2
-11111100100010010101
-12a2650 (base 11) to base 16
-223bbc
-31132304 (base 5) to base 11
-164918
Convert -100011100000100000 (base 2) to base 9.
-241450
-21010113122 (base 4) to base 2
-1001000100010111011010
10110110121111 (base 3) to base 12
748794
What is 53460 (base 7) in base 2?
11001111011000
9167 (base 16) to base 15
b068
1111222212002 (base 3) to base 13
223370
103324212 (base 5) to base 8
1554252
What is 203650162 (base 7) in base 4?
231300211201
-1032 (base 10) to base 13
-615
Convert -100022222022122 (base 3) to base 11.
-2888266
Convert 289dc6 (base 14) to base 13.
3a4c6b
128a82 (base 14) to base 4
2123323122
-1377700 (base 9) to base 14
-15b06d
What is 2289942 (base 10) in base 11?
1324516
326413 (base 8) to base 13
3acbb
What is 16145110 (base 8) in base 5?
1423044200
Convert 576159 (base 11) to base 14.
19bb05
1010011120 (base 3) to base 15
67b3
-100100011010100111 (base 2) to base 10
-149159
Convert -112442402 (base 5) to base 13.
-150756
What is 4250455 (base 7) in base 12?
20aa57
4b765 (base 13) to base 6
2554353
-23123101211 (base 4) to base 15
-3e276b
What is -5110120 (base 6) in base 11?
-156134
What is -5717011 (base 8) in base 7?
-16104331
Convert -1b43064 (base 13) to base 14.
-12b1753
What is 866780 (base 10) in base 13?
2446b5
100220121110 (base 3) to base 2
101111101000001111
Convert 157501 (base 10) to base 3.
22000001101
What is -16005 (base 16) in base 11?
-61785
-7601916 (base 10) to base 12
-2667310
-100021012102100 (base 3) to base 14
-922a05
66967 (base 14) to base 3
110122022101
What is -186912 (base 10) in base 7?
-1405635
Convert 1021332 (base 4) to base 6.
33530
Convert 70b0 (base 15) to base 10.
23790
What is e91d64 (base 15) in base 7?
163201615
Convert -4014421 (base 5) to base 4.
-33203320
What is -1222220133 (base 4) in base 16?
-6aa1f
What is -16fe3 (base 16) in base 2?
-10110111111100011
Convert 10334146 (base 10) to base 7.
153560464
Convert 10101001101001101110011 (base 2) to base 14.
a49d07
Convert -101000110100100000 (base 2) to base 7.
-1264315
What is 28120 (base 14) in base 6?
2042212
1616635 (base 7) to base 15
4624a
What is -7828 (base 10) in base 6?
-100124
443a66 (base 14) to base 11
1341526
2209 (base 12) to base 5
110003
11112202011 (base 3) to base 10
89482
111435203 (base 7) to base 13
153607a
What is 101022002221201 (base 3) in base 13?
119878c
What is 1d89b (base 15) in base 7?
551120
6857 (base 16) to base 15
7dab
101210241 (base 5) to base 2
1100100111000001100
What is 13a2e8 (base 16) in base 15?
1a6478
What is -23022323120 (base 4) in base 10?
-2928344
101101110101011111 (base 2) to base 16
2dd5f
-83422 (base 10) to base 6
-1442114
3101555 (base 6) to base 9
245228
Convert 3741053 (base 9) to base 16.
1f0bff
What is 2021313210 (base 5) in base 15?
55b655
Convert 4b004b (base 13) to base 9.
3342280
208a138 (base 11) to base 10
3673722
What is 48c9a (base 14) in base 15?
37b89
3b34b (base 15) to base 6
4022242
-2a11a (base 14) to base 3
-12022100002
What is -12984 (base 10) in base 8?
-31270
Convert 372ee6 (base 15) to base 10.
2642616
What is -1347b (base 12) in base 5?
-1322331
What is 12c1c0 (base 13) in base 7?
3603556
What is 2c5808 (base 14) in base 3?
2220211212010
3197ac (base 14) to base 11
a46873
-12165533 (base 8) to base 7
-31536225
What is 279109 (base 14) in base 9?
2516483
What is -13d25 (base 15) in base 3?
-10020101122
What is -235704 (base 8) in base 9?
-132787
What is 8326534 (base 10) in base 2?
11111110000110110000110
Convert -2903451 (base 12) to base 16.
-7d62bd
What is 11100223421 (base 5) in base 15?
10e54e1
What is c4a93 (base 13) in base 4?
1112100302
Convert -110020002220121 (base 3) to base 7.
-106141120
1779117 (base 12) to base 2
10010101001100001100011
-946fe (base 16) to base 15
-c0233
-447407 (base 9) to base 15
-54584
What is 3232003302 (base 4) in base 15?
143db0
What is e4ce0 (base 15) in base 14?
14c3b2
-11201212002 (base 4) to base 5
-332321242
What is -72839 (base 10) in base 6?
-1321115
-521502451 (base 6) to base 5
-4303402340
Convert 3513210 (base 8) to base 4.
3221122020
24557065 (base 9) to base 7
204132026
434000 (base 6) to base 5
2121411
Convert -1390811 (base 11) to base 14.
-4620d1
What is -506319 (base 10) in base 15?
-a0049
Convert 1871918 (base 11) to base 15.
427b30
Convert b59110 (base 15) to base 7.
133261236
What is -112002110021221 (base 3) in base 9?
-15073257
What is 111323311 (base 4) in base 6?
1531541
What is 142544034 (base 6) in base 2?
1011001101001100010110
Convert -45445b (base 14) to base 12.
-956b81
Convert -32251323 (base 6) to base 12.
-3a0b43
10110000100011101 (base 2) to base 12
44391
Convert 131234230 (base 5) to base 13.
199714
What is 1100102204 (base 5) in base 10?
2347179
What is 21031130301 (base 4) in base 8?
11153461
Convert -40123441 (base 5) to base 10.
-317371
-659460 (base 10) to base 16
-a1004
Convert -298ad (base 14) to base 12.
-4b901
1503825 (base 9) to base 5
203021134
Convert 13871 (base 12)